5 + g*w**2 - 3*w**2 - w**2. Determine k(5).
-30
Let t(k) = k**3 - 6*k**2 - 4*k. Let r = 3178 - 3171. Determine t(r).
21
Let v be 72*7 - (19 + -3)/4. Let o = 497 - v. Let n(p) = p**3 + p**2 + 2*p + 4. What is n(o)?
-20
Let i(b) = -11*b**3 + 26*b**2 + 19*b - 8. Let p(h) = 42*h**3 - 98*h**2 - 75*h + 34. Let k(g) = -23*i(g) - 6*p(g). Give k(8).
-44
Suppose j + 11 - 3 = 0. Let o(z) be the first derivative of z**2 + 8*z - 17252. Give o(j).
-8
Let s(h) = -h**2 + 10*h - 29. Let t = -2799 + 2804. What is s(t)?
-4
Let o(u) = -2*u + 2. Let g(t) = t**2 + 18*t + 20. Let r be g(-17). Let h(i) = -6*i + 6. Let p(n) = r*h(n) - 8*o(n). Calculate p(8).
-14
Let j(s) be the second derivative of 5*s**3/3 - 45*s**2/2 + 1636*s. Give j(6).
15
Let x be (-1)/6*12/(-16) + (-13572)/(-1248). Let s(h) = 2*h + 22. What is s(x)?
44
Let b(w) = 40*w - 48. Let m(z) be the third derivative of z**4/3 - 3*z**3/2 + 30*z**2. Let h(p) = -2*b(p) + 11*m(p). Determine h(2).
13
Let v(b) = -b**2 - 6*b - 30. Let n(h) = -2*h**2 - 7*h - 45. Let w(j) = 4*n(j) - 6*v(j). Determine w(9).
-90
Let g(o) be the first derivative of 3 - 5*o**2 + o - 1/3*o**3. Suppose 308*d + 100 = 298*d. Give g(d).
1
Suppose 443 - 137 = 3*h. Suppose 10*r + 2 = h. Let y(k) = -k**3 + 11*k**2 - 11*k + 7. Determine y(r).
-3
Let l(j) = j**2 + 16*j + 28. Let d = 1520 + -1534. Calculate l(d).
0
Let x(i) = -3*i**2 - 12*i - 1. Suppose 3*f + 5*v + 29 = 0, 32*v - 20 = 37*v. Let r be x(f). Let o(u) = -u. What is o(r)?
-8
Let q be (-43 + 2 + -9 + -8)/(-2). Let z(o) = o**3 - 31*o**2 + 59*o - 9. Determine z(q).
20
Let r(w) = -5*w - 1. Let q(o) = -11*o - 2. Let p(t) = -2*q(t) + 5*r(t). Let j be (-20)/(8 + 132)*-14. Give p(j).
-7
Let y(t) = 14*t**2 + 211*t + 17. Let m be y(-15). Let w(s) = 3*s - s**2 - 4*s**2 - 3*s**2. Determine w(m).
-26
Suppose 0*a = 5*f - 4*a + 48, -3*a = -4*f - 38. Let s(b) = -b**2 - 9*b - 6. Let l be s(f). Suppose -10*x + l = 22. Let r(t) = -t**2 - t. Determine r(x).
-2
Let k(o) be the first derivative of -5*o**3/3 - 5*o**2/2 - 1141. Determine k(-2).
-10
Suppose 88*l = 153*l + 325. Let o(f) = 6*f + 41. Determine o(l).
11
Suppose 4*d - 6 = -10. Let w be ((-6)/(-15) + d)*-15. Let f(t) be the second derivative of -t**3/6 + 5*t**2/2 - 11*t. What is f(w)?
-4
Let y(s) = -s**3 + s**2 - s. Let g(d) = -2*d**3 + 8*d**2 + d + 1. Let j(k) = g(k) - 3*y(k). Let w be (-2)/(-6)*((-286)/(-1287) - (-220)/(-18)). What is j(w)?
1
Let x = 454 + -452. Let l(u) = 3 - 1 + 41*u**3 - 1 - 2*u**x - 46*u**3. Determine l(1).
-6
Let b(f) = 2*f**2 - 9*f - 5. Let q be b(7). Suppose 24 = -2*t + q. Let z(k) = -4*k**2 - 2*k**2 + k**2 - 2*k + t + 8*k**2 - k**3. Calculate z(3).
-3
Let b be 116/6 - ((-2)/21)/(219/1533). Let n(d) = -13*d + 272. Determine n(b).
12
Let r(k) = k**3 - 7*k**2 + 5*k + 1. Suppose -2*y = 341 + 593. Let g = y + 473. Determine r(g).
-5
Let z(i) be the second derivative of -i**4/12 + 2*i**3 - 15*i**2/2 + i - 1850. Give z(11).
-4
Let y(g) = 0*g**3 + g**3 + 61*g + 67*g - 65*g**2 - 27 - 43*g + 34*g**2. Give y(28).
1
Let y(p) be the first derivative of -321*p**2 + 645*p**2 - 71 - 3*p - 320*p**2. Determine y(3).
21
Let p(x) = 9*x - 3 + 3 + 4*x**2 + 5 + 0*x**2. Let d be p(-2). Let o(h) = 4*h + 3 + 2*h - 5*h. Calculate o(d).
6
Let x(v) = -2*v**2 - 48*v + 153. Let u be x(3). Let a(t) = -t**2 - 13*t - 32. Determine a(u).
4
Let a(d) = d + 8. Suppose 16*u = 9*u + 35. Suppose -4*j - 13 = u*q, 0 = -5*j - 3*q - 36 + 10. Give a(j).
1
Let j = -3976 + 3978. Let z(c) be the third derivative of -1/10*c**5 - 1/120*c**6 - 1/3*c**3 - 1/12*c**4 + 11*c**j + 0*c + 0. Determine z(-6).
10
Let i(q) = 126280*q - 252573*q - 136 + 126278*q. Give i(-9).
-1
Let r(c) = -8*c**2 + c + 1. Let g be 280/(-50) - 2/5*1. Let q be 5*(-2)/25 + g/10. Calculate r(q).
-8
Let n be -4 + 9 + -6 + 36/(-4). Let q(i) = i**2 + 11*i + 16. Determine q(n).
6
Let p(r) = 2*r - 12. Let x(w) = -16*w**2 - 13*w - 13. Let k be x(-6). Let g = -507 - k. What is p(g)?
-4
Let s(n) = -n**3 + 8*n**2 - 13*n - 12. Suppose 20*a - 61 - 20 = 19. Calculate s(a).
-2
Let y(q) = -5*q + 0*q + 2*q - 2742 - q + 2740. Determine y(2).
-10
Let y(n) = 4*n**2. Let d(a) = -27*a**3 + 13*a**2 - 3*a + 2. Let f(g) = -d(g) + 3*y(g). Calculate f(1).
27
Let h be (15/(-240)*12)/((-12)/(-32)). Let j(c) = 2*c**3 + 3*c**2 + c - 4. Give j(h).
-10
Let z be (-51)/221 - 144/52. Let t(r) = 2*r**2 + 2*r - 1. Determine t(z).
11
Let z = 14 - 14. Let f = 16 - 16. Let l(y) = y - 5 + f*y + z*y. Calculate l(0).
-5
Let l(x) = 44*x**3 - 11*x**2 + x - 4. Let a(d) = -22*d**3 + 6*d**2 - d + 2. Let r(q) = -7*a(q) - 4*l(q). What is r(-1)?
23
Let o(p) = 19*p**3 - p**2. Let t = 443 + -449. Let i be ((-21)/t + -4)*(-4)/2. Determine o(i).
18
Suppose 2 = 4*s - 6. Let o = s - 3. Let q(z) = -8*z**2 - 22*z - 5. Let m(a) = -57*a**2 - 165*a - 37. Let g(v) = 2*m(v) - 15*q(v). Determine g(o).
7
Let p(k) = -k - 6. Let f = 0 + -5. Let i be p(f). Let r(x) = -x**3 + 169*x**2 + 1 - 341*x**2 + 171*x**2. What is r(i)?
1
Suppose -3*o + n = 94 + 103, -n = -5. Let f = o - -64. Let w(y) = 2*y + f*y + 22 - 21 - y**2 - y. Give w(-2).
-5
Let v(q) = q**2 - 7*q + 5. Let m(x) = x**3 + 5*x**2 - 7*x - 1. Let l be (1/2)/(-2 + (-82)/(-40)). Suppose -2*k + l = 22. Let z be m(k). Determine v(z).
-5
Let n be (23 - -12) + (-12)/9*6. Let u(s) = s**3 - 28*s**2 + 28*s - 20. What is u(n)?
7
Let h(w) = w**2 + 2*w - 40. Let z(t) = -t**3 - 18*t**2 - 60*t - 63. Let s be z(-14). Determine h(s).
-5
Let t = 111 + -101. Suppose 4 = t*a - 6*a. Let x(o) = 5*o**2 - o + 1. Calculate x(a).
5
Let v be (6/(-9))/(2/(-6)). Let z(y) = 3*y + 3 + 8*y**2 - 9*y**v - 4. Suppose 32*j - 26 - 6 = 0. What is z(j)?
1
Let n(a) = 31*a - 8. Let z(i) = -39*i + 8. Let c(y) = 116*y - 24. Let p(q) = -3*c(q) - 8*z(q). Let d(h) = -7*n(h) - 6*p(h). Give d(5).
3
Let h(w) = -37*w**2 - 524*w - 93. Let z be h(-14). Let l(i) = i + 19. What is l(z)?
10
Suppose -6 = -2*a + 3*z, 3*a + z + 2*z = 24. Let k(s) be the third derivative of 0*s + 6*s**2 - 1/6*s**3 + 0 - 1/30*s**5 - 1/120*s**a + 0*s**4. What is k(-2)?
-1
Let w(m) = m**2 - 2*m - 4. Let j be w(-3). Let r = -689 - -694. Let o = r - j. Let f(s) = -s**3 - 6*s**2 + 4*s + 8. What is f(o)?
-16
Let w = -133 - -131. Let z(k) = -74*k - 74*k + 152*k + 5. Determine z(w).
-3
Suppose 30 = 5*p + 4*f, 0 = -3*p + 2*p + 2*f + 6. Let h(k) be the second derivative of k**5/20 - 7*k**4/12 + 7*k**3/6 + k**2 + 110*k - 3. Give h(p).
8
Let t(s) = 2 + 0 + s - 1. Suppose -5*a + h = -3*a - 11, a - h - 4 = 0. Suppose a*q - 91 = 20*q. Calculate t(q).
-6
Let d be (-6)/9*(40 - 1). Let h = 16 + d. Let u(k) be the third derivative of k**4/24 + 3*k**3/2 - 2270*k**2. What is u(h)?
-1
Let p be -15*1/6*2. Let x(a) = 14*a + 14. Let l(t) be the first derivative of -3*t**2 - 7*t + 39. Let c(g) = -5*l(g) - 2*x(g). What is c(p)?
-3
Let u(r) = 2*r + 6. Suppose 0*a - 2*a = 16. Let p(f) = 6 - 8*f + 18*f + 6 + 2*f**2 + 8*f. Let w be p(a). What is u(w)?
-2
Let p(g) = g + 2. Let i be ((-56)/(-42))/(-3 + (7 - 2))*-6. Determine p(i).
-2
Let u = -30 - -40. Suppose -g - u = 3*z, 0 = -g + 5*z - 6*z - 2. Let f(y) = 107 - 2*y**g - 53 + y - 56 + y. Determine f(2).
-6
Let s(c) = -7272 + 2*c**2 + 3*c + 7271 - 2*c. What is s(-3)?
14
Let p(r) be the first derivative of 4/3*r**3 - 1/4*r**4 + r**2 - 3*r - 10. Let b = -2041 - -2046. What is p(b)?
-18
Let l = 441 - 449. Suppose -3*o + 7 = 2*z - 0*z, -2*o + 3*z + 9 = 0. Let p(t) = 1 - 5 - 8*t - t**2 + o. Determine p(l).
-1
Let h(b) = 5*b**2 - 3*b**3 + 4*b**3 + 6*b - 1 + 4. Let k(c) = 16*c - 56. Let s(p) = -22*p + 55. Let a(t) = -5*k(t) - 4*s(t). Let x be a(-8). Calculate h(x).
-5
Let i(l) be the second derivative of -l**3/6 + 5*l**2/2 + 4*l. Let b be (-15)/6*(-2304)/640. Calculate i(b).
-4
Let z be (1/(-2) + 1)*16/(-4). Let k(q) = -3*q. Let i(j) = 16*j. Let h(x) = 2*i(x) + 11*k(x). Let n(r) = 3*r + 3. Let l(s) = -h(s) - n(s). What is l(z)?
1
Let x be ((-2)/4)/1*16. Let v = x - -2. Let i(d) = 10*d**2 + 12*d - 2. Let a(u) = 13*u**2 + 14*u - 3. Let r(w) = -3*a(w) + 4*i(w). Calculate r(v).
1
Let h(x) be the third derivative of x**4/3 - 47*x**3/2 + 2*x**2 + 32. Let n be h(18). Let v(t) = 2*t**2 - t + 2. Determine v(n).
17
Let h = -12 + 22. Let l = 37 - h. Let m be l/15 + (-3)/(-15). Let j(k) = -2*k**3 - k**2 + 1. Give j(m).
-19
Let d(x) = 30*x**2 - 15*x**2 + 14 - 4*x**2 - 5*x**2 - 8*x**2 -